 the greatest common factor of v and 48?
16
Let g(m) = -m + 16. Let q be g(0). Let u = 16 + 24. Calculate the greatest common factor of u and q.
8
Let c be -1 + (144 - 3) + 0. Suppose 3*r - 4*r = -c. What is the greatest common factor of r and 20?
20
Let i = -23 - -55. What is the greatest common divisor of 48 and i?
16
Let q = 235 - 59. Let u = -14 - -3. Let d be (u + 5)*8/(-3). What is the greatest common factor of q and d?
16
Let r be 1*-110*1/(-2). Let w be 1 + (49 + 2)/3. Let m be 4/(-18) - (-202)/w. What is the highest common factor of m and r?
11
Let y be (-205)/(-9) + 20/90. Calculate the greatest common factor of y and 253.
23
Suppose t = 16 + 5. Suppose 5*c + u = t, -3 = 3*c + 5*u - 20. What is the greatest common divisor of c and 4?
4
Let s be ((-71)/2 + -1)*-2. Let w be s + 6/(4 - 1). Let b be 25 - (-10 + (1 - -4)). Calculate the highest common factor of w and b.
15
Let i = -7 - -9. Let o(z) = -3*z + 4 + 6*z**i - 4 + 0*z. Let c be o(2). Calculate the greatest common factor of c and 90.
18
Suppose -4*o + 5*t = 103, -2*o + 0*o + 4*t - 50 = 0. Let y be (o + 0)/(1/(-3)). Calculate the highest common factor of y and 9.
9
Let w(q) = q**2 + 4*q + 4. Let r be w(-4). Let u = r + -1. Calculate the highest common divisor of u and 9.
3
Let d(p) = -p**3 - 14*p**2 + 9*p + 8. Let h be d(-15). Calculate the greatest common factor of h and 14.
14
Let j be (-2)/(-6) - (-470)/3. Suppose 0 = 4*m + 5*c - j - 159, 0 = m + 4*c - 68. What is the highest common factor of m and 12?
12
Let u = 44 + -28. Calculate the highest common divisor of u and 40.
8
Let g(q) = 3*q + 3. Let j be g(2). Suppose 5*z - 2*z = 0. Let h be (-3)/(-3) - z/(-1). What is the greatest common divisor of h and j?
1
Let c be 1*9/(-6)*-6. Calculate the greatest common divisor of c and 99.
9
Let h = -71 + 119. Suppose 0 = -0*r - 4*r + 240. Suppose -2*b + r = 3*b. What is the greatest common factor of b and h?
12
Suppose 3*v = -4*v + 756. What is the greatest common divisor of v and 24?
12
Suppose -18 = 4*b - 34. What is the greatest common factor of b and 32?
4
Let k = -16 + 23. Calculate the highest common divisor of 14 and k.
7
Suppose -5*z = 3*x + 9, -3*x = -5*x - z + 1. What is the greatest common factor of 13 and x?
1
Let d be (143 + -3 - 1) + -4. Let k = 35 + -20. What is the greatest common divisor of k and d?
15
Suppose 32 + 253 = 5*z + 3*m, -2*m = 5*z - 290. Suppose -z = -3*j - h, 4*h + 57 = 2*j - h. Calculate the greatest common factor of 105 and j.
21
Let c(b) = b**3 - 5*b**2 - 4*b - 6. Let o be c(6). Let s be -9*-2*1/o. Calculate the highest common divisor of s and 15.
3
Let g(d) = d**2 - 1. Let a be g(-2). Suppose t - 792 = -a*t. Calculate the greatest common divisor of t and 22.
22
Suppose -o = -5*m + 10, 2*m - 6 + 2 = -o. Let c be 1 - ((-58)/m - 0). Calculate the highest common divisor of 45 and c.
15
Let p = 22 + -17. Calculate the greatest common divisor of p and 1.
1
Suppose -k - w + 6*w - 27 = 0, 0 = -5*k + 5*w - 75. Let o(r) = r**3 + 13*r**2 + 7*r + 4. Let p be o(k). Calculate the highest common divisor of p and 8.
8
Let p = 1 - 1. Suppose 3*s - b - 4 - 13 = p, 29 = 3*s + 2*b. Let n(y) = y**2 + 8*y - 6. Let o be n(-10). What is the highest common factor of o and s?
7
Let z(d) = -d**3 + 6*d**2 + d - 6. Let g be z(6). Suppose 2*v + v - 33 = g. What is the greatest common divisor of v and 55?
11
Let c be (-2)/10 - (-26)/5. Let d be (c - 7)/((-1)/7). What is the greatest common factor of d and 42?
14
Let m = 51 + -16. Let b be ((-6)/(-7))/(1/m). Calculate the greatest common factor of 75 and b.
15
Suppose 0*p - 4*p = z - 25, 0 = z - 3*p - 18. What is the highest common factor of z and 14?
7
Suppose 3*w = 3*l - 24, -3*w = 2*w - 15. Suppose 3*s = -0*s - 5*a + 152, -4*a = -s + 28. What is the greatest common factor of l and s?
11
Let t = 0 - -3. Suppose 0*w + t*w + 3*y = 18, 22 = 4*w + 3*y. Suppose -3*a = -4*v + 20, w*a = -11 + 27. Calculate the greatest common divisor of 56 and v.
8
Suppose 2*n - 48 = -8. What is the highest common divisor of n and 20?
20
Let w(m) = -19*m - 59. Let g be w(-6). What is the greatest common factor of 385 and g?
55
Suppose -20 = 4*q, q + 31 = s - 4*q. Suppose -t + 8 = h, 4*h = -5*t - 5 + 40. What is the highest common divisor of t and s?
3
Let a be 50/2*(0 - -2). Let f = -162 + 287. What is the highest common divisor of a and f?
25
Suppose -4*a - 1 = 5*u + 9, -5*u = a - 5. Suppose -2*k - 6 = 0, -2*f + u = 5*k - 3. Suppose y = -f + 40. What is the highest common divisor of 20 and y?
10
Suppose -4*a + 318 = -2*a. Suppose -4*b = 3*r - 443, -2*r + b - a = -469. Let m be 3/12 + 201/12. What is the greatest common factor of r and m?
17
Let m be 30*1 + 2 + -2. Suppose 5*a = -5*n - m, 0 = n + n + 5*a + 18. Let q = n - -8. What is the highest common divisor of 8 and q?
4
Let l(r) = -r + 5. Suppose a + 14 = 4*t, -t - 4*a = a - 14. Let j be l(t). Let m be -21*(2/3 + -1). What is the highest common factor of j and m?
1
Let d(l) = l**2 - 7*l - 5. Let f be d(7). Let c be (20/6)/f*-3. Let x be 0 + (-1 + c - -44). What is the greatest common divisor of 18 and x?
9
Let r be (3/2)/(3/12). Let x = 41 - -160. Suppose -x = -3*q - 3. Calculate the greatest common factor of q and r.
6
Let z be 5/((-10)/(-42)) + 0. Let a = z - 10. Let c = 37 - 26. Calculate the highest common divisor of a and c.
11
Let y(m) = -m**2 + 15*m - 28. Let r be y(10). What is the highest common factor of r and 33?
11
Let j = -124 - -200. Calculate the highest common factor of j and 114.
38
Let m be 150/9 - 6/9. Suppose 0 = -5*a + 2*l + 210, 0 = -2*a + 3*l + m + 57. What is the highest common divisor of a and 4?
4
Let m = 2 - -2. Let h = m - 3. Suppose 3 - h = -j, -v = -3*j - 30. Calculate the greatest common factor of 4 and v.
4
Suppose -5*f = 14 - 144. Calculate the highest common factor of f and 26.
26
Suppose -16 + 2 = -x. Let s(w) = -w + 11. Let o be s(6). Suppose -3*z - 21 - 6 = -3*v, -2*v + o*z + 24 = 0. What is the highest common factor of v and x?
7
Let a be 2/((-2)/5 - 0). Let i(w) = -4*w + 4. Let m be i(a). Calculate the highest common factor of m and 16.
8
Let l(b) = -b + 5. Let r = 7 - 2. Let v be l(r). Suppose -4*k - p + 24 = v, 4*k - 1 - 7 = 3*p. What is the greatest common factor of 20 and k?
5
Let k(m) = -m**3 - 7*m**2 + 6*m - 5. Let a be k(-8). Suppose 6*r - 55 = r. What is the greatest common divisor of a and r?
11
Let z = 110 - 59. Let b be 2/3*z + 2. Let w be (-481)/(-39) + 2/(-6). What is the greatest common factor of b and w?
12
Let r = 103 + -49. What is the highest common factor of r and 6?
6
Let b be (-8)/6 + 62/6. Calculate the highest common factor of b and 18.
9
Suppose -q - 44 = -3*q. Calculate the greatest common factor of 242 and q.
22
Let r = -43 + 59. Calculate the highest common factor of r and 48.
16
Let c(h) = -h**2 + 6. Let q be c(0). Calculate the greatest common factor of q and 48.
6
Let v(i) = i + 8. Let z be v(-4). Let x(o) = 2*o - z*o - 9*o. Let j be x(-3). What is the greatest common factor of 3 and j?
3
Let w = -14 - -17. Calculate the highest common factor of w and 9.
3
Suppose -29 = -l + 3*x, 2*x = -5*l + 72 - 12. Calculate the highest common factor of 28 and l.
14
Let w(s) = -57*s - 2. Let h be w(-2). Suppose -115 = -4*o - 5*x, 2*x + h = 4*o + 6*x. Let z = 25 - 15. What is the greatest common divisor of z and o?
5
Let p be 3/6 + 3/2. Let k be (-12)/5*(-75)/p. What is the greatest common divisor of 10 and k?
10
Let c = -5 - -5. Suppose m + 0*m - 26 = c. Calculate the greatest common divisor of m and 13.
13
Let x be (-4)/(-10) - 12*52/(-40). What is the greatest common divisor of 80 and x?
16
Let k(f) = f**3 + 13*f**2 + 11*f - 6. Let a be k(-12). Let w(z) = z + 4. Let i be w(a). What is the highest common divisor of i and 10?
10
Let o(f) = f**2 - 1. Let g be (-2)/4 - 35/(-14). Let h be o(g). Calculate the highest common factor of h and 12.
3
Let r be -2*(3 - (24 - 3)). Let p be (3/6)/(1/r). Let i = 1 - -1. Calculate the highest common factor of p and i.
2
Suppose 19 = 6*f - 71. Suppose -3*w + 5 = -2*w. Suppose 680 = 5*b - w*k, b - 3*b + 268 = 2*k. What is the highest common factor of f and b?
15
Suppose -5*k + 8*k = 75. Let z(n) = 3*n**2 - 5*n - 3. Let h be z(4). Calculate the greatest common divisor of h and k.
25
Suppose -2*j = -7*j + 800. C